{"id":215,"date":"2025-06-06T12:16:30","date_gmt":"2025-06-06T10:16:30","guid":{"rendered":"https:\/\/anamosaique.com\/?page_id=215"},"modified":"2025-06-07T08:41:01","modified_gmt":"2025-06-07T06:41:01","slug":"portfolio-2","status":"publish","type":"page","link":"https:\/\/anamosaique.com\/index.php\/es\/portfolio-2\/","title":{"rendered":"Portfolio"},"content":{"rendered":"\n<p><\/p>\n\n\n\n<div class=\"wp-block-media-text is-stacked-on-mobile\"><figure class=\"wp-block-media-text__media\"><a href=\"https:\/\/anamosaique.com\/index.php\/es\/un-jardin-de-corazon-mejicano\/\"><img loading=\"lazy\" decoding=\"async\" width=\"1024\" height=\"1010\" src=\"http:\/\/anamosaique.com\/wp-content\/uploads\/2025\/06\/IMG_2531-1024x1010.jpeg\" alt=\"\" class=\"wp-image-172 size-full\" srcset=\"https:\/\/anamosaique.com\/wp-content\/uploads\/2025\/06\/IMG_2531-1024x1010.jpeg 1024w, https:\/\/anamosaique.com\/wp-content\/uploads\/2025\/06\/IMG_2531-300x296.jpeg 300w, https:\/\/anamosaique.com\/wp-content\/uploads\/2025\/06\/IMG_2531-768x758.jpeg 768w, https:\/\/anamosaique.com\/wp-content\/uploads\/2025\/06\/IMG_2531-1536x1515.jpeg 1536w, https:\/\/anamosaique.com\/wp-content\/uploads\/2025\/06\/IMG_2531-2048x2020.jpeg 2048w\" sizes=\"auto, (max-width: 1024px) 100vw, 1024px\" \/><\/a><\/figure><div class=\"wp-block-media-text__content\">\n<p><strong><em>Un Jard\u00edn de coraz\u00f3n Mejicano<\/em><\/strong><\/p>\n\n\n\n<p>Esta obra en particular ha sido creada para una amiga muy especial, cuyo coraz\u00f3n inmenso y presencia luminosa inspiran todo mi trabajo. Es un homenaje a la belleza de su alma y a la alegr\u00eda que aporta a mi vida y a la de tantos otros. Que este jard\u00edn de coraz\u00f3n mexicano sea un recordatorio constante de la fuerza y la belleza de la amistad verdadera.<\/p>\n\n\n\n<p><a href=\"https:\/\/anamosaique.com\/index.php\/es\/un-jardin-de-corazon-mejicano\/\">Mas&#8230;<\/a><a href=\"https:\/\/anamosaique.com\/index.php\/a-garden-of-mexican-heart\/\"> <\/a><\/p>\n<\/div><\/div>\n\n\n\n<div class=\"wp-block-media-text has-media-on-the-right is-stacked-on-mobile\"><div class=\"wp-block-media-text__content\">\n<p><strong><em>Eclosi\u00f3n de Oro y Pasi\u00f3n: Un Amor Venido de Paraguay<\/em><\/strong><\/p>\n\n\n\n<p>Este mosaico es una celebraci\u00f3n vibrante del amor verdadero, una eclosi\u00f3n de pasi\u00f3n incandescente simbolizada por la profundidad de los esmaltes venecianos rojos y la riqueza preciosa de la pasta de vidrio dorada. La asociaci\u00f3n poderosa de estos dos colores no deja de evocar el famoso \u00abRojo y Negro\u00bb de Stendhal, donde la pasi\u00f3n y la ambici\u00f3n se encuentran. Aqu\u00ed, el rojo intenso representa ese amor profundo e incondicional, mientras que el oro luminoso, cuyo brillo me recuerda la tierra de aquel que comparte mi vida, venido de Paraguay, encarna el valor inestimable de este sentimiento tan esperado, una respuesta luminosa a una larga espera.<\/p>\n\n\n\n<p><a href=\"https:\/\/anamosaique.com\/index.php\/es\/eclosion-de-oro-y-pasion-un-amor-venido-de-paraguay\/\">Mas &#8230;<\/a><\/p>\n<\/div><figure class=\"wp-block-media-text__media\"><a href=\"https:\/\/anamosaique.com\/index.php\/es\/eclosion-de-oro-y-pasion-un-amor-venido-de-paraguay\/\"><img loading=\"lazy\" decoding=\"async\" width=\"1920\" height=\"2560\" src=\"http:\/\/anamosaique.com\/wp-content\/uploads\/2025\/06\/IMG_1686-scaled.jpeg\" alt=\"\" class=\"wp-image-183 size-full\" srcset=\"https:\/\/anamosaique.com\/wp-content\/uploads\/2025\/06\/IMG_1686-scaled.jpeg 1920w, https:\/\/anamosaique.com\/wp-content\/uploads\/2025\/06\/IMG_1686-225x300.jpeg 225w\" sizes=\"auto, (max-width: 1920px) 100vw, 1920px\" \/><\/a><\/figure><\/div>\n\n\n\n<div class=\"wp-block-media-text is-stacked-on-mobile\"><figure class=\"wp-block-media-text__media\"><a href=\"https:\/\/anamosaique.com\/index.php\/es\/negro-incandescente-semillas-de-amor-la-victoria-sobre-la-sombra\/\"><img loading=\"lazy\" decoding=\"async\" width=\"1006\" height=\"1024\" src=\"https:\/\/anamosaique.com\/wp-content\/uploads\/2025\/06\/WhatsApp-Image-2025-06-06-at-14.34.50-1-1006x1024.jpeg\" alt=\"\" class=\"wp-image-241 size-full\" srcset=\"https:\/\/anamosaique.com\/wp-content\/uploads\/2025\/06\/WhatsApp-Image-2025-06-06-at-14.34.50-1-1006x1024.jpeg 1006w, https:\/\/anamosaique.com\/wp-content\/uploads\/2025\/06\/WhatsApp-Image-2025-06-06-at-14.34.50-1-295x300.jpeg 295w, https:\/\/anamosaique.com\/wp-content\/uploads\/2025\/06\/WhatsApp-Image-2025-06-06-at-14.34.50-1-768x782.jpeg 768w, https:\/\/anamosaique.com\/wp-content\/uploads\/2025\/06\/WhatsApp-Image-2025-06-06-at-14.34.50-1-1509x1536.jpeg 1509w, https:\/\/anamosaique.com\/wp-content\/uploads\/2025\/06\/WhatsApp-Image-2025-06-06-at-14.34.50-1.jpeg 1572w\" sizes=\"auto, (max-width: 1006px) 100vw, 1006px\" \/><\/a><\/figure><div class=\"wp-block-media-text__content\">\n<p><strong><em>Negro Incandescente, Semillas de Amor: La Victoria sobre la Sombra<\/em><\/strong><\/p>\n\n\n\n<p>Este cuadro mosaico es una obra poderosa y contrastada, una representaci\u00f3n visual de una lucha intensa entre la sombra y la luz, el mal y el amor. La omnipresencia del negro profundo, evocando la fuerza bruta y devastadora de la lava de un volc\u00e1n, recuerda el poder de las fuerzas oscuras, de la incredulidad y de los malos augurios. Su textura densa y absorbente parece querer engullir toda claridad.<\/p>\n\n\n\n<p><a href=\"https:\/\/anamosaique.com\/index.php\/es\/negro-incandescente-semillas-de-amor-la-victoria-sobre-la-sombra\/\">Mas &#8230;<\/a><\/p>\n<\/div><\/div>\n\n\n\n<div class=\"wp-block-media-text has-media-on-the-right is-stacked-on-mobile\"><div class=\"wp-block-media-text__content\">\n<p><strong><em>My Inner Garden: Four Seasons of LiMi Jard\u00edn Interior: Cuatro Estaciones de Vidafe in Mosaic<\/em><\/strong><\/p>\n\n\n\n<p>\u00bbMi Jard\u00edn Interior\u00bb es una serie de cuatro cuadros de mosaico que rinden homenaje a la obra emblem\u00e1tica de Pierre Bonnard, \u00abMujeres en el Jard\u00edn\u00bb.<\/p>\n\n\n\n<p>M\u00e1s que una simple interpretaci\u00f3n, cada panel es una ventana abierta a las diferentes estaciones de la vida, las horas significativas de un d\u00eda y, sobre todo, las etapas personales que han moldeado mi trayectoria como artista.<\/p>\n\n\n\n<p><a href=\"https:\/\/anamosaique.com\/index.php\/my-inner-garden-four-seasons-of-life-in-mosaic\/\">Mas &#8230;<\/a><\/p>\n<\/div><figure class=\"wp-block-media-text__media\"><a href=\"https:\/\/anamosaique.com\/index.php\/es\/mi-jardin-interior-cuatro-estaciones-de-vida\/\"><img loading=\"lazy\" decoding=\"async\" width=\"378\" height=\"290\" src=\"http:\/\/anamosaique.com\/wp-content\/uploads\/2025\/06\/image.png\" alt=\"\" class=\"wp-image-98 size-full\" srcset=\"https:\/\/anamosaique.com\/wp-content\/uploads\/2025\/06\/image.png 378w, https:\/\/anamosaique.com\/wp-content\/uploads\/2025\/06\/image-300x230.png 300w\" sizes=\"auto, (max-width: 378px) 100vw, 378px\" \/><\/a><\/figure><\/div>\n\n\n\n<div class=\"wp-block-media-text is-stacked-on-mobile\"><figure class=\"wp-block-media-text__media\"><a href=\"https:\/\/anamosaique.com\/index.php\/es\/mis-noches-estrelladas-mandala-de-espera\/\"><img loading=\"lazy\" decoding=\"async\" width=\"341\" height=\"620\" src=\"http:\/\/anamosaique.com\/wp-content\/uploads\/2025\/06\/Mandala-dattente.jpg\" alt=\"\" class=\"wp-image-91 size-full\" srcset=\"https:\/\/anamosaique.com\/wp-content\/uploads\/2025\/06\/Mandala-dattente.jpg 341w, https:\/\/anamosaique.com\/wp-content\/uploads\/2025\/06\/Mandala-dattente-165x300.jpg 165w\" sizes=\"auto, (max-width: 341px) 100vw, 341px\" \/><\/a><\/figure><div class=\"wp-block-media-text__content\">\n<p><strong><em>Mis Noches Estrelladas: Mandala de Espera<\/em><\/strong><\/p>\n\n\n\n<p>Este cuadro mosaico naci\u00f3 del silencio estrellado de mis noches, un atrapasue\u00f1os en forma de dulce media luna, adornado con un m\u00e1ndala intuitivo. M\u00e1s que un simple objeto decorativo, es el guardi\u00e1n de los sue\u00f1os y el testigo paciente de mis aspiraciones m\u00e1s profundas, tejido con la espera y la esperanza que han acu\u00f1ado mis a\u00f1os de soledad.<\/p>\n\n\n\n<p>La media luna, ba\u00f1ada por una luz interior sugerida por las teselas claras, es el recept\u00e1culo de mis sue\u00f1os nocturnos. Simboliza la feminidad, la intuici\u00f3n y los ciclos de la vida, acogiendo con dulzura los murmullos de mi inconsciente. En su interior, el mandala mosaico despliega sus motivos sim\u00e9tricos, una representaci\u00f3n de la unidad interior, de la meditaci\u00f3n y de la paciencia infinita necesaria para la manifestaci\u00f3n de mis deseos. Cada color, cada forma, es una parcela de mis pensamientos y de mis esperanzas, estructurados con la lentitud y la precisi\u00f3n del mosaico.<\/p>\n\n\n\n<p>Los elementos suspendidos bajo la luna, como amuletos oscuros y misteriosos, encarnan mis votos m\u00e1s queridos, confiados a la oscuridad de la noche con la fe de que encontrar\u00e1n su camino hacia la luz. Danzan delicadamente, esperando el momento propicio para su eclosi\u00f3n, como semillas preciosas guardadas en secreto.<\/p>\n\n\n\n<p><a href=\"https:\/\/anamosaique.com\/index.php\/es\/mis-noches-estrelladas-mandala-de-espera\/\">Mas &#8230;<\/a><\/p>\n<\/div><\/div>\n\n\n\n<div class=\"wp-block-media-text has-media-on-the-right is-stacked-on-mobile\"><div class=\"wp-block-media-text__content\">\n<p><strong><em>Paseo Nocturno en la Luna<\/em><\/strong><\/p>\n\n\n\n<p>\u00abPaseo Nocturno en la Luna\u00bb es un mosaico impregnado de poes\u00eda y dulzura, especialmente concebido para iluminar los sue\u00f1os y las noches de una amiga querida, una so\u00f1adora ambiciosa inspirada por el universo de El Principito.<\/p>\n\n\n\n<p><a href=\"https:\/\/anamosaique.com\/index.php\/es\/paseo-nocturno-en-la-luna\/\">Mas &#8230;<\/a><\/p>\n<\/div><figure class=\"wp-block-media-text__media\"><a href=\"https:\/\/anamosaique.com\/index.php\/night-walk-on-the-moon\/\"><img loading=\"lazy\" decoding=\"async\" width=\"479\" height=\"493\" src=\"http:\/\/anamosaique.com\/wp-content\/uploads\/2025\/06\/NighWalkOnTheMoon.jpg\" alt=\"\" class=\"wp-image-158 size-full\" srcset=\"https:\/\/anamosaique.com\/wp-content\/uploads\/2025\/06\/NighWalkOnTheMoon.jpg 479w, https:\/\/anamosaique.com\/wp-content\/uploads\/2025\/06\/NighWalkOnTheMoon-291x300.jpg 291w\" sizes=\"auto, (max-width: 479px) 100vw, 479px\" \/><\/a><\/figure><\/div>\n\n\n\n<div class=\"wp-block-media-text is-stacked-on-mobile\"><figure class=\"wp-block-media-text__media\"><a href=\"https:\/\/anamosaique.com\/index.php\/es\/ecos-provenzales-mi-luz-de-los-olivos\/\"><img loading=\"lazy\" decoding=\"async\" width=\"1024\" height=\"797\" src=\"http:\/\/anamosaique.com\/wp-content\/uploads\/2025\/04\/IMG_2534-1024x797.jpeg\" alt=\"\" class=\"wp-image-76 size-full\" srcset=\"https:\/\/anamosaique.com\/wp-content\/uploads\/2025\/04\/IMG_2534-1024x797.jpeg 1024w, https:\/\/anamosaique.com\/wp-content\/uploads\/2025\/04\/IMG_2534-300x234.jpeg 300w, https:\/\/anamosaique.com\/wp-content\/uploads\/2025\/04\/IMG_2534-768x598.jpeg 768w, https:\/\/anamosaique.com\/wp-content\/uploads\/2025\/04\/IMG_2534-1536x1196.jpeg 1536w, https:\/\/anamosaique.com\/wp-content\/uploads\/2025\/04\/IMG_2534-2048x1595.jpeg 2048w\" sizes=\"auto, (max-width: 1024px) 100vw, 1024px\" \/><\/a><\/figure><div class=\"wp-block-media-text__content\">\n<p><strong><em>Ecos Provenzales: Mi Luz de los Olivos<\/em><\/strong><\/p>\n\n\n\n<p>Este mosaico naci\u00f3 en un contexto inesperado, durante largos meses pasados entre los muros de un hospital, lejos de la naturaleza y de la luz viva que nutren mi alma. Fue en este espacio confinado donde los Olivos de Arl\u00e9s de Vincent van Gogh se convirtieron en una fuente de evasi\u00f3n interior, una ventana abierta a la belleza y la vitalidad del mundo exterior.<\/p>\n\n\n\n<p><a href=\"https:\/\/anamosaique.com\/index.php\/es\/ecos-provenzales-mi-luz-de-los-olivos\/\">Mas &#8230;<\/a><\/p>\n<\/div><\/div>\n\n\n\n<div class=\"wp-block-buttons is-layout-flex wp-block-buttons-is-layout-flex\">\n<div class=\"wp-block-button\"><a class=\"wp-block-button__link wp-element-button\" href=\"https:\/\/anamosaique.com\/index.php\/es\/mosaicos-personalizados-un-arte-que-te-refleja\/\">Volver<\/a><\/div>\n<\/div>\n\n\n\n<p><\/p>\n","protected":false},"excerpt":{"rendered":"<p>Un Jard\u00edn de coraz\u00f3n Mejicano Esta obra en particular ha sido creada para una amiga muy especial, cuyo coraz\u00f3n inmenso y presencia luminosa inspiran todo mi trabajo. Es un homenaje a la belleza de su alma y a la alegr\u00eda que aporta a mi vida y a la de tantos otros. Que este jard\u00edn de&#8230;<\/p>\n","protected":false},"author":1,"featured_media":0,"parent":0,"menu_order":0,"comment_status":"closed","ping_status":"closed","template":"","meta":{"_coblocks_attr":"","_coblocks_dimensions":"","_coblocks_responsive_height":"","_coblocks_accordion_ie_support":"","_kad_post_transparent":"","_kad_post_title":"","_kad_post_layout":"","_kad_post_sidebar_id":"","_kad_post_content_style":"","_kad_post_vertical_padding":"","_kad_post_feature":"","_kad_post_feature_position":"","_kad_post_header":false,"_kad_post_footer":false,"footnotes":""},"class_list":["post-215","page","type-page","status-publish","hentry"],"_links":{"self":[{"href":"https:\/\/anamosaique.com\/index.php\/wp-json\/wp\/v2\/pages\/215","targetHints":{"allow":["GET"]}}],"collection":[{"href":"https:\/\/anamosaique.com\/index.php\/wp-json\/wp\/v2\/pages"}],"about":[{"href":"https:\/\/anamosaique.com\/index.php\/wp-json\/wp\/v2\/types\/page"}],"author":[{"embeddable":true,"href":"https:\/\/anamosaique.com\/index.php\/wp-json\/wp\/v2\/users\/1"}],"replies":[{"embeddable":true,"href":"https:\/\/anamosaique.com\/index.php\/wp-json\/wp\/v2\/comments?post=215"}],"version-history":[{"count":2,"href":"https:\/\/anamosaique.com\/index.php\/wp-json\/wp\/v2\/pages\/215\/revisions"}],"predecessor-version":[{"id":242,"href":"https:\/\/anamosaique.com\/index.php\/wp-json\/wp\/v2\/pages\/215\/revisions\/242"}],"wp:attachment":[{"href":"https:\/\/anamosaique.com\/index.php\/wp-json\/wp\/v2\/media?parent=215"}],"curies":[{"name":"wp","href":"https:\/\/api.w.org\/{rel}","templated":true}]}}